{"id":89,"date":"2023-09-13T02:53:34","date_gmt":"2023-09-13T02:53:34","guid":{"rendered":"http:\/\/aniem.org\/?page_id=89"},"modified":"2023-09-25T02:24:37","modified_gmt":"2023-09-25T02:24:37","slug":"politica-de-privacidad","status":"publish","type":"page","link":"https:\/\/aniem.org\/index.php\/politica-de-privacidad\/","title":{"rendered":"Pol\u00edtica de privacidad"},"content":{"rendered":"<p>[et_pb_section fb_built=\u00bb1&#8243; theme_builder_area=\u00bbpost_content\u00bb _builder_version=\u00bb4.22.1&#8243; _module_preset=\u00bbdefault\u00bb][et_pb_row _builder_version=\u00bb4.22.1&#8243; _module_preset=\u00bbdefault\u00bb theme_builder_area=\u00bbpost_content\u00bb][et_pb_column _builder_version=\u00bb4.22.1&#8243; _module_preset=\u00bbdefault\u00bb type=\u00bb4_4&#8243; theme_builder_area=\u00bbpost_content\u00bb][et_pb_text _builder_version=\u00bb4.22.1&#8243; _module_preset=\u00bbdefault\u00bb theme_builder_area=\u00bbpost_content\u00bb hover_enabled=\u00bb0&#8243; sticky_enabled=\u00bb0&#8243;]Pol\u00edtica de privacidad<\/p>\n<p>De conformidad con lo establecido en la Ley Federal de Protecci\u00f3n de Datos Personales en Posesi\u00f3n de los Particulares, Asociaci\u00f3n Nacional por la Inclusividad Educativa en M\u00e9xico, en lo sucesivo denominado por sus siglas ANIEM, pone a su disposici\u00f3n el siguiente aviso de privacidad.<\/p>\n<p>ANIEM, es responsable del uso y protecci\u00f3n de sus datos personales, en este sentido y atendiendo las obligaciones legales establecidas en la Ley Federal de Protecci\u00f3n de Datos Personales en Posesi\u00f3n de los Particulares, a trav\u00e9s de este instrumento se informa a los titulares de los datos, la informaci\u00f3n que de ellos se recaba y los fines que se le dar\u00e1n a dicha informaci\u00f3n.<\/p>\n<p>Adem\u00e1s de lo anterior, informamos a usted que ANIEM, tiene su domicilio ubicado en:<\/p>\n<p>Calle 4 N\u00fam. 266 Dpto. 405 Col. Agr\u00edcola Pantitlan, Deleg. Iztacalco. Ciudad de M\u00e9xico. C.P. 08100<\/p>\n<p>Los datos personales que recabamos de usted ser\u00e1n utilizados para las siguientes finalidades, las cuales son necesarias para concretar nuestra relaci\u00f3n con usted, as\u00ed como para atender los servicios y\/o pedidos que solicite:<\/p>\n<p>Los datos personales f\u00edsicos que se recaben de los miembros de un foro o chat o que de manera voluntaria deseen participar en los cursos, capacitaciones, tutor\u00edas, asesoramientos, talleres o foros, tiene como \u00fanica intenci\u00f3n, la de ubicar la identidad f\u00edsica del participante para efectos educativos e instruccionales en la formaci\u00f3n integral del estudiante o para el intercambio de ideas o formas de pensamiento que tengan como \u00fanica finalidad la de enriquecer la educaci\u00f3n de los miembros o de la comunidad virtual que se integre.<\/p>\n<p>Para llevar a cabo las finalidades descritas en el presente aviso de privacidad, utilizaremos los siguientes datos personales:<\/p>\n<p>Nombre del usuario, correo electr\u00f3nico y n\u00famero telef\u00f3nico, tambi\u00e9n se utilizar\u00e1 el uso de cookies, web beacons, etc.<\/p>\n<p>Por otra parte, informamos a usted, que sus datos personales ser\u00e1n compartidos con las siguientes autoridades, empresas, organizaciones o personas distintas a nosotros: profesores o miembros de la ANIEM. Su informaci\u00f3n ser\u00e1 compartida exclusivamente para los fines que a continuaci\u00f3n se mencionan:<\/p>\n<p>para uso educativo y de control administrativo.<\/p>\n<p>Usted tiene en todo momento el derecho a conocer qu\u00e9 datos personales tenemos de usted, para qu\u00e9 los utilizamos y las condiciones del uso que les damos (Acceso). Asimismo, es su derecho solicitar la correcci\u00f3n de su informaci\u00f3n personal en caso de que est\u00e9 desactualizada, sea inexacta o incompleta (Rectificaci\u00f3n); de igual manera, tiene derecho a que su informaci\u00f3n se elimine de nuestros registros o bases de datos cuando considere que la misma no est\u00e1 siendo utilizada adecuadamente (Cancelaci\u00f3n); as\u00ed como tambi\u00e9n a oponerse al uso de sus datos personales para fines espec\u00edficos (Oposici\u00f3n). Estos derechos se conocen como derechos ARCO.<\/p>\n<p>Para el ejercicio de cualquiera de los derechos ARCO, se deber\u00e1 presentar la solicitud respectiva a trav\u00e9s del siguiente correo electr\u00f3nico:<br \/>\naniem.org@gmail.com<\/p>\n<p>Lo anterior tambi\u00e9n servir\u00e1 para conocer el procedimiento y requisitos para el ejercicio de los derechos ARCO, no obstante, la solicitud de ejercicio de estos derechos debe contener la siguiente informaci\u00f3n:<\/p>\n<p>nombre, telef\u00f3no, contenido o motivo de la solicitud, firma.<\/p>\n<p>La respuesta a la solicitud se dar\u00e1 en el siguiente plazo: 5 d\u00edas h\u00e1biles a partir de la fecha en que se recibi\u00f3, y se comunicar\u00e1 de la siguiente manera:<\/p>\n<p>a trav\u00e9s del correo electr\u00f3nico que se indique en la solicitud.<\/p>\n<p>Los datos de contacto de la persona o departamento de datos personales, que est\u00e1 a cargo de dar tr\u00e1mite a las solicitudes de derechos ARCO, son los siguientes:<\/p>\n<p>a) Nombre del responsable: Jos\u00e9 Macario L\u00f3pez Balderas<br \/>\nb) Domicilio:<br \/>\nCalle 4 N\u00fam. 266 Dpto. 405 Col. Agr\u00edcola Pantitlan, Deleg. Iztacalco. Ciudad de M\u00e9xico. C.P. 08100<br \/>\nc) Tel\u00e9fono: 55 3225 2077<br \/>\nd) Correo electr\u00f3nico: aniem.org@gmail.com<br \/>\ne) Otro medio de contacto: a trav\u00e9s del sitio Web: http:\/\/aniem.org\/<\/p>\n<p>Cabe mencionar, que en cualquier momento usted puede revocar su consentimiento para el uso de sus datos personales. Del mismo modo, usted puede revocar el consentimiento que, en su caso, nos haya otorgado para el tratamiento de sus datos personales. Sin embargo, es importante que tenga en cuenta que no en todos los casos podremos atender su solicitud o concluir el uso de forma inmediata, ya que es posible que por alguna obligaci\u00f3n legal se requiera seguir tratando sus datos personales. Asimismo, usted deber\u00e1 considerar que para ciertos fines la revocaci\u00f3n de su consentimiento implicar\u00e1 que no podamos seguir prestando el servicio que nos solicit\u00f3, o la conclusi\u00f3n de su relaci\u00f3n con nosotros.<\/p>\n<p>Para revocar el consentimiento que usted otorga en este acto o para limitar su divulgaci\u00f3n, se deber\u00e1 presentar la solicitud respectiva a trav\u00e9s del siguiente correo electr\u00f3nico:<br \/>\naniem.org@gmail.com<\/p>\n<p>Del mismo modo, podr\u00e1 solicitar la informaci\u00f3n para conocer el procedimiento y requisitos para la revocaci\u00f3n del consentimiento, as\u00ed como limitar el uso y divulgaci\u00f3n de su informaci\u00f3n personal, sin embargo, estas solicitudes deber\u00e1n contener la siguiente informaci\u00f3n:<\/p>\n<p>nombre, tel\u00e9fono, contenido o motivo de la solicitud, firma.<\/p>\n<p>La respuesta a la solicitud de revocaci\u00f3n o limitaci\u00f3n de divulgaci\u00f3n de sus datos se dar\u00e1 a m\u00e1s tardar en el siguiente plazo: 5 d\u00edas h\u00e1biles a partir de la fecha de recepci\u00f3n del correo electr\u00f3nico, y se comunicar\u00e1 de la siguiente forma:<\/p>\n<p>a trav\u00e9s del correo electr\u00f3nico que nos proporcione.<\/p>\n<p>El presente aviso de privacidad puede sufrir modificaciones, cambios o actualizaciones derivadas de nuevos requerimientos legales; de nuestras propias necesidades por los productos o servicios que ofrecemos; de nuestras pr\u00e1cticas de privacidad; de cambios en nuestro modelo de negocio, o por otras causas, por lo cual, nos comprometemos a mantenerlo informado sobre los cambios que pueda sufrir el presente aviso de privacidad, sin embargo, usted puede solicitar informaci\u00f3n sobre si el mismo ha sufrido alg\u00fan cambio a trav\u00e9s de la siguiente direcci\u00f3n electr\u00f3nica:<\/p>\n<p>\u00daltima actualizaci\u00f3n:<br \/>\n27\/05\/2023[\/et_pb_text][\/et_pb_column][\/et_pb_row][\/et_pb_section]<\/p>\n","protected":false},"excerpt":{"rendered":"<p>Pol\u00edtica de privacidad De conformidad con lo establecido en la Ley Federal de Protecci\u00f3n de Datos Personales en Posesi\u00f3n de los Particulares, Asociaci\u00f3n Nacional por la Inclusividad Educativa en M\u00e9xico, en lo sucesivo denominado por sus siglas ANIEM, pone a su disposici\u00f3n el siguiente aviso de privacidad. ANIEM, es responsable del uso y protecci\u00f3n de [&hellip;]<\/p>\n","protected":false},"author":1,"featured_media":0,"parent":0,"menu_order":0,"comment_status":"closed","ping_status":"closed","template":"","meta":{"_et_pb_use_builder":"on","_et_pb_old_content":"<!-- wp:divi\/placeholder \/-->","_et_gb_content_width":"","footnotes":""},"class_list":["post-89","page","type-page","status-publish","hentry"],"_links":{"self":[{"href":"https:\/\/aniem.org\/index.php\/wp-json\/wp\/v2\/pages\/89"}],"collection":[{"href":"https:\/\/aniem.org\/index.php\/wp-json\/wp\/v2\/pages"}],"about":[{"href":"https:\/\/aniem.org\/index.php\/wp-json\/wp\/v2\/types\/page"}],"author":[{"embeddable":true,"href":"https:\/\/aniem.org\/index.php\/wp-json\/wp\/v2\/users\/1"}],"replies":[{"embeddable":true,"href":"https:\/\/aniem.org\/index.php\/wp-json\/wp\/v2\/comments?post=89"}],"version-history":[{"count":3,"href":"https:\/\/aniem.org\/index.php\/wp-json\/wp\/v2\/pages\/89\/revisions"}],"predecessor-version":[{"id":343,"href":"https:\/\/aniem.org\/index.php\/wp-json\/wp\/v2\/pages\/89\/revisions\/343"}],"wp:attachment":[{"href":"https:\/\/aniem.org\/index.php\/wp-json\/wp\/v2\/media?parent=89"}],"curies":[{"name":"wp","href":"https:\/\/api.w.org\/{rel}","templated":true}]}}